{"id":1344,"date":"2022-03-16T14:29:46","date_gmt":"2022-03-16T13:29:46","guid":{"rendered":"http:\/\/majar.wersjaprojektowa.pl\/?page_id=1344"},"modified":"2022-03-18T12:32:23","modified_gmt":"2022-03-18T11:32:23","slug":"przykladowe-tlumaczenia-pisemne-majar","status":"publish","type":"page","link":"https:\/\/bts.info.pl\/?page_id=1344","title":{"rendered":"Przyk\u0142adowe t\u0142umaczenia pisemne"},"content":{"rendered":"\t\t<div data-elementor-type=\"wp-page\" data-elementor-id=\"1344\" class=\"elementor elementor-1344\" data-elementor-settings=\"[]\">\n\t\t\t\t\t\t\t<div class=\"elementor-section-wrap\">\n\t\t\t\t\t\t\t<section class=\"elementor-section elementor-top-section elementor-element elementor-element-6033196 elementor-section-boxed elementor-section-height-default elementor-section-height-default\" data-id=\"6033196\" data-element_type=\"section\">\n\t\t\t\t\t\t<div class=\"elementor-container elementor-column-gap-default\">\n\t\t\t\t\t<div class=\"elementor-column elementor-col-100 elementor-top-column elementor-element elementor-element-399b1ba9\" data-id=\"399b1ba9\" data-element_type=\"column\">\n\t\t\t<div class=\"elementor-widget-wrap elementor-element-populated\">\n\t\t\t\t\t\t\t\t<div class=\"elementor-element elementor-element-6b3887b9 elementor-widget elementor-widget-heading\" data-id=\"6b3887b9\" data-element_type=\"widget\" data-widget_type=\"heading.default\">\n\t\t\t\t<div class=\"elementor-widget-container\">\n\t\t\t<style>\/*! elementor - v3.5.6 - 28-02-2022 *\/\n.elementor-heading-title{padding:0;margin:0;line-height:1}.elementor-widget-heading .elementor-heading-title[class*=elementor-size-]>a{color:inherit;font-size:inherit;line-height:inherit}.elementor-widget-heading .elementor-heading-title.elementor-size-small{font-size:15px}.elementor-widget-heading .elementor-heading-title.elementor-size-medium{font-size:19px}.elementor-widget-heading .elementor-heading-title.elementor-size-large{font-size:29px}.elementor-widget-heading .elementor-heading-title.elementor-size-xl{font-size:39px}.elementor-widget-heading .elementor-heading-title.elementor-size-xxl{font-size:59px}<\/style><h2 class=\"elementor-heading-title elementor-size-default\">Przyk\u0142adowe t\u0142umaczenia pisemne<\/h2>\t\t<\/div>\n\t\t\t\t<\/div>\n\t\t\t\t<div class=\"elementor-element elementor-element-28b0f8f0 elementor-widget elementor-widget-text-editor\" data-id=\"28b0f8f0\" data-element_type=\"widget\" data-widget_type=\"text-editor.default\">\n\t\t\t\t<div class=\"elementor-widget-container\">\n\t\t\t<style>\/*! elementor - v3.5.6 - 28-02-2022 *\/\n.elementor-widget-text-editor.elementor-drop-cap-view-stacked .elementor-drop-cap{background-color:#818a91;color:#fff}.elementor-widget-text-editor.elementor-drop-cap-view-framed .elementor-drop-cap{color:#818a91;border:3px solid;background-color:transparent}.elementor-widget-text-editor:not(.elementor-drop-cap-view-default) .elementor-drop-cap{margin-top:8px}.elementor-widget-text-editor:not(.elementor-drop-cap-view-default) .elementor-drop-cap-letter{width:1em;height:1em}.elementor-widget-text-editor .elementor-drop-cap{float:left;text-align:center;line-height:1;font-size:50px}.elementor-widget-text-editor .elementor-drop-cap-letter{display:inline-block}<\/style>\t\t\t\t<table class=\"standard\" cellspacing=\"5\" cellpadding=\"6\"><tbody><tr class=\"even\"><td>Lp.<\/td><td>Zleceniodawca<\/td><td>Tematyka<\/td><td><p>Obj\u0119to\u015b\u0107<\/p><p class=\"c3\">(str.)<\/p><\/td><\/tr><tr class=\"odd\"><td>1<\/td><td>TELECOLOR Sp. z o. o.<\/td><td>instrukcje elektroniczne w j. w\u0119gierskim<\/td><td>33<\/td><\/tr><tr class=\"even\"><td>2<\/td><td>ALSTOM Power Construction SP. z o.o.<\/td><td>t\u0142umaczenie przysi\u0119g\u0142e w j. francuskim<\/td><td>187<\/td><\/tr><tr class=\"odd\"><td>3<\/td><td>Faberlic Poland Sp. z o. o.<\/td><td>instrukcje w j. rosyjskim<\/td><td>27,5<\/td><\/tr><tr class=\"even\"><td>4<\/td><td>POL-AQUA S. A.<\/td><td>t\u0142umaczenia konstrukcji budowlanych<\/td><td>211<\/td><\/tr><tr class=\"odd\"><td>5<\/td><td>Gestesa Polska Corporate Services Sp. z o. o.<\/td><td>umowy<\/td><td>48<\/td><\/tr><tr class=\"even\"><td>6<\/td><td>PPH KAMA Krzysztof Mi\u0119kina<\/td><td>umowy bankowe<\/td><td>33,5<\/td><\/tr><tr class=\"odd\"><td>7<\/td><td>Perpetuum Sp. z o. o.<\/td><td>instrukcje w j. czeskim<\/td><td>3<\/td><\/tr><tr class=\"even\"><td>8<\/td><td>Iron Mountain Polska Sp. z o. o.<\/td><td>umowy bankowe<\/td><td>40<\/td><\/tr><tr class=\"odd\"><td>9<\/td><td>Muzeum Sztuki Nowoczesnej w Warszawie<\/td><td>t\u0142umaczenie przysi\u0119g\u0142e w j. angielskim<\/td><td>2<\/td><\/tr><tr class=\"even\"><td>10<\/td><td>Siltec Sp. z o. o.<\/td><td>instrukcje elektroniczne<\/td><td>31<\/td><\/tr><tr class=\"odd\"><td>11<\/td><td>Balcke Durr Polska Sp. z o. o.<\/td><td>dokumenty bankowe<\/td><td>44,5<\/td><\/tr><tr class=\"even\"><td>12<\/td><td>RE project development Sp. z o.o.<\/td><td>umowy prawne<\/td><td>60<\/td><\/tr><tr class=\"odd\"><td>13<\/td><td>Grundig Polska Sp. z o. o.<\/td><td>instrukcje elektroniczne<\/td><td>48,5<\/td><\/tr><tr class=\"even\"><td>14<\/td><td>Marcin Kubit SM &amp; C<\/td><td>dokumenty bankowe<\/td><td>118<\/td><\/tr><tr class=\"odd\"><td>15<\/td><td>Johnson Diversey Polska Sp. z o.o.<\/td><td>dokumenty techniczne<\/td><td>100<\/td><\/tr><tr class=\"even\"><td>16<\/td><td>G &amp; R Sp. z o. o.<\/td><td>instrukcje techniczne<\/td><td>94,5<\/td><\/tr><tr class=\"odd\"><td>17<\/td><td>Saber Consulting, Agata Purzyc<\/td><td>teksty prawnicze<\/td><td>171<\/td><\/tr><tr class=\"even\"><td>18<\/td><td>Robert Majkut Design<\/td><td>t\u0142umaczenie przysi\u0119g\u0142e w j. angielskim<\/td><td>27<\/td><\/tr><tr class=\"odd\"><td>19<\/td><td>FIEGE Sp. z o.o.<\/td><td>dokumenty handlowe<\/td><td>70<\/td><\/tr><tr class=\"even\"><td>20<\/td><td>Grupa Lotos S.A.<\/td><td>umowy prawne<\/td><td>62<\/td><\/tr><tr class=\"odd\"><td>21<\/td><td>Przedsi\u0119biorstwo Budowlane Cezbed Sp. z o. o<\/td><td>t\u0142umaczenie przysi\u0119g\u0142e w j. arabskim<\/td><td>50<\/td><\/tr><tr class=\"even\"><td>22<\/td><td>Rasting Limited<\/td><td>dokumenty bankowe<\/td><td>56<\/td><\/tr><tr class=\"odd\"><td>23<\/td><td>Techdent<\/td><td>dokumenty przysi\u0119g\u0142e w j. ukrai\u0144skim<\/td><td>43<\/td><\/tr><tr class=\"even\"><td>24<\/td><td>Mood Polska Sp. z o. o.<\/td><td>dokumenty bankowe<\/td><td>48,8<\/td><\/tr><tr class=\"odd\"><td>25<\/td><td>Wezyr Holiday Service Sp. z o. o.<\/td><td>dokumenty w j. arabskim arabskim<\/td><td>3<\/td><\/tr><tr class=\"even\"><td>26<\/td><td>Bumar Sp. z o.o.<\/td><td>t\u0142umaczenie techniczne<\/td><td>85,5<\/td><\/tr><tr class=\"odd\"><td>27<\/td><td>Teatr Narodowy<\/td><td>t\u0142umaczenie dokument\u00f3w angielskich<\/td><td>6<\/td><\/tr><tr class=\"even\"><td>28<\/td><td>Deutsche Leasing Polska S. A.<\/td><td>dokumenty samochodowe<\/td><td>40<\/td><\/tr><tr class=\"odd\"><td>29<\/td><td>Cam Media S. A.<\/td><td>slajdy w j. angielskim<\/td><td>35<\/td><\/tr><tr class=\"even\"><td>30<\/td><td>HZ\u00a0 Plan GmbH<\/td><td>t\u0142umaczenia techniczne<\/td><td>27<\/td><\/tr><tr class=\"odd\"><td>31<\/td><td>VICTORIA SERWIS Sp. z. o. o.<\/td><td>dokumenty handlowe<\/td><td>114<\/td><\/tr><tr class=\"even\"><td>32<\/td><td>UPS Polska Sp. z o. o.<\/td><td>umowy<\/td><td>118<\/td><\/tr><tr class=\"odd\"><td>33<\/td><td>East Sea Poland Sp. z o. o.<\/td><td>t\u0142umaczenie przysi\u0119g\u0142e w j. angielskim<\/td><td>45<\/td><\/tr><tr class=\"even\"><td>34<\/td><td>UPS Polska Sp. z o. o.<\/td><td>umowy<\/td><td>53,5<\/td><\/tr><tr class=\"odd\"><td>35<\/td><td>SOCOTEC POLSKA Sp. z o. o.<\/td><td>dokumenty handlowe<\/td><td>484,5<\/td><\/tr><tr class=\"even\"><td>36<\/td><td>EFG Leasing Poland Sp. z o. o.<\/td><td>dokumenty bankowe<\/td><td>62,5<\/td><\/tr><tr class=\"odd\"><td>37<\/td><td>Instytut Technologii Materia\u0142\u00f3w Elektronicznych\u00a0 Sp. z o. o.<\/td><td>dokumenty z j. japo\u0144skiego<\/td><td>43,5<\/td><\/tr><tr class=\"even\"><td>38<\/td><td>Ragn-Sells Polska Sp. z o. o.<\/td><td>umowy handlowe<\/td><td>35,5<\/td><\/tr><tr class=\"odd\"><td>39<\/td><td>Krawczyk i Wsp\u00f3lnicy sp\u00f3\u0142ka komandytowa<\/td><td>t\u0142umaczenie prawnicze<\/td><td>124<\/td><\/tr><tr class=\"even\"><td>40<\/td><td>FIEGE Sp. z o.o.<\/td><td>dokumenty firmowe<\/td><td>79<\/td><\/tr><tr class=\"odd\"><td>41<\/td><td>Yavan Sp. z. o. o.<\/td><td>umowy bankowe<\/td><td>62<\/td><\/tr><tr class=\"even\"><td>42<\/td><td>Siltec Sp. z o. o.<\/td><td>instrukcja techniczna<\/td><td>96<\/td><\/tr><tr class=\"odd\"><td>43<\/td><td>Cushman &amp; Wakefield Polska Sp. z. o. o.<\/td><td>dokumenty firmowe<\/td><td>111<\/td><\/tr><tr class=\"even\"><td>44<\/td><td>Gestamp Eolica Polska Sp. z o. o.<\/td><td>umowa prawna<\/td><td>27,5<\/td><\/tr><tr class=\"odd\"><td>45<\/td><td>Iron Mountain Polska Sp. z o. o.<\/td><td>umowy bankowe<\/td><td>77<\/td><\/tr><tr class=\"even\"><td>46<\/td><td>Dominium SA<\/td><td>dokumenty samochodowe<\/td><td>36<\/td><\/tr><tr class=\"odd\"><td>47<\/td><td>Mercury Engineering Polska Sp. z o.o.<\/td><td>tekst reklamowy<\/td><td>32<\/td><\/tr><tr class=\"even\"><td>48<\/td><td>PROBIKE SA<\/td><td>dokumenty samochodowe<\/td><td>26<\/td><\/tr><tr class=\"odd\"><td>49<\/td><td>Raiffeisen Investment Polska Sp. z. o.o.<\/td><td>tekst\u00a0 handlowy<\/td><td>17<\/td><\/tr><tr class=\"even\"><td>50<\/td><td>Media 5 Sp. z o.o.<\/td><td>umowa<\/td><td>110,5<\/td><\/tr><tr class=\"odd\"><td>51<\/td><td>Ambasada Irlandii<\/td><td>energetyka wiatrowa<\/td><td>35<\/td><\/tr><tr class=\"even\"><td>52<\/td><td>Concept-t Sp. z o.o.<\/td><td>umowa zakupu udzia\u0142\u00f3w\u00a0i cesji<\/td><td>48,5<\/td><\/tr><tr class=\"odd\"><td>53<\/td><td>Instytut Tele- i Radiotechniczny<\/td><td>instrukcja obs\u0142ugi pieca<\/td><td>29,5<\/td><\/tr><tr class=\"even\"><td>54<\/td><td>Cushman &amp; Wakefield Polska Sp. z o.o.<\/td><td>raport z rynku<\/td><td>98<\/td><\/tr><tr class=\"odd\"><td>55<\/td><td>Hemet Sp. z o.o.<\/td><td>wprowadzenie suplementu diety<\/td><td>82<\/td><\/tr><tr class=\"even\"><td>56<\/td><td>Exatel SA<\/td><td>oferta reklamowa<\/td><td>118<\/td><\/tr><tr class=\"odd\"><td>57<\/td><td>Wood-Mizer Industries Sp. z o.o.<\/td><td>instrukcja obs\u0142ugi<\/td><td>51<\/td><\/tr><tr class=\"even\"><td>58<\/td><td>Auto-Pol-Service SA<\/td><td>dokumenty samochodowe<\/td><td>18<\/td><\/tr><tr class=\"odd\"><td>59<\/td><td>Towarzystwo Nasz Dom<\/td><td>podr\u0119cznik<\/td><td>88<\/td><\/tr><tr class=\"even\"><td>60<\/td><td>Wiktoria Sp. z o.o.<\/td><td>statut sp\u00f3\u0142ki z\u00a0ograniczon\u0105 odpowiedzialno\u015bci\u0105<\/td><td>58,5<\/td><\/tr><tr class=\"odd\"><td>61<\/td><td>Kanlux SA<\/td><td>instrukcja obs\u0142ugi<\/td><td>26<\/td><\/tr><tr class=\"even\"><td>62<\/td><td>Hydroprojekt Sp. z o.o.<\/td><td>elektronika<\/td><td>174<\/td><\/tr><tr class=\"odd\"><td>63<\/td><td>Program Narod\u00f3w Zjednoczonych ds. Rozwoju (UNDP)<\/td><td>dokumenty rejestracyjne<\/td><td>37<\/td><\/tr><tr class=\"even\"><td>64<\/td><td>Netia SA<\/td><td>oferta firmy<\/td><td>183<\/td><\/tr><tr class=\"odd\"><td>65<\/td><td>Holmes Place Poland Sp. z o.o.<\/td><td>umowy prawne<\/td><td>105,5<\/td><\/tr><tr class=\"even\"><td>66<\/td><td>S.E.R. Solutions Polska Sp. z o.o.<\/td><td>prezentacja multimedialna<\/td><td>87<\/td><\/tr><tr class=\"odd\"><td>67<\/td><td>O\u015brodek Przetwarzania Informacji<\/td><td>zagadnienia informatyczne<\/td><td>520<\/td><\/tr><tr class=\"even\"><td>68<\/td><td>PKP SA<\/td><td>umowa<\/td><td>147,5<\/td><\/tr><\/tbody><\/table>\t\t\t\t\t\t<\/div>\n\t\t\t\t<\/div>\n\t\t\t\t\t<\/div>\n\t\t<\/div>\n\t\t\t\t\t\t\t<\/div>\n\t\t<\/section>\n\t\t\t\t\t\t<\/div>\n\t\t\t\t\t<\/div>\n\t\t","protected":false},"excerpt":{"rendered":"<p>Przyk\u0142adowe t\u0142umaczenia pisemne Lp. Zleceniodawca Tematyka Obj\u0119to\u015b\u0107 (str.) 1 TELECOLOR Sp. z o. o. instrukcje elektroniczne w j. w\u0119gierskim 33 2 ALSTOM Power Construction SP. z o.o. t\u0142umaczenie przysi\u0119g\u0142e w j. francuskim 187 3 Faberlic Poland Sp. z o. o. instrukcje w j. rosyjskim 27,5 4 POL-AQUA S. A. t\u0142umaczenia konstrukcji budowlanych 211 5 Gestesa [&hellip;]<\/p>\n","protected":false},"author":1,"featured_media":0,"parent":0,"menu_order":0,"comment_status":"closed","ping_status":"closed","template":"elementor_header_footer","meta":[],"yoast_head":"<!-- This site is optimized with the Yoast SEO plugin v18.4.1 - https:\/\/yoast.com\/wordpress\/plugins\/seo\/ -->\n<title>Przyk\u0142adowe t\u0142umaczenia pisemne - Majar Biuro T\u0142umacze\u0144 Specjalistycznych<\/title>\n<meta name=\"description\" content=\"Biuro t\u0142umacze\u0144 specjalistycznych Majar w Warszawie, T\u0142umaczenia we wszystkich j\u0119zykach, szybka wycena, wypo\u017cyczanie sprz\u0119tu do t\u0142umacze\u0144.\" \/>\n<meta name=\"robots\" content=\"index, follow, max-snippet:-1, max-image-preview:large, max-video-preview:-1\" \/>\n<link rel=\"canonical\" href=\"https:\/\/bts.info.pl\/?page_id=1344\" \/>\n<meta property=\"og:locale\" content=\"pl_PL\" \/>\n<meta property=\"og:type\" content=\"article\" \/>\n<meta property=\"og:title\" content=\"Majar przyk\u0142adowe t\u0142umaczenia pisemne\" \/>\n<meta property=\"og:description\" content=\"Biuro t\u0142umacze\u0144 specjalistycznych Majar w Warszawie, T\u0142umaczenia we wszystkich j\u0119zykach, szybka wycena, wypo\u017cyczanie sprz\u0119tu do t\u0142umacze\u0144.\" \/>\n<meta property=\"og:url\" content=\"https:\/\/bts.info.pl\/?page_id=1344\" \/>\n<meta property=\"og:site_name\" content=\"Majar Biuro T\u0142umacze\u0144 Specjalistycznych\" \/>\n<meta property=\"article:modified_time\" content=\"2022-03-18T11:32:23+00:00\" \/>\n<meta property=\"og:image\" content=\"https:\/\/bts.info.pl\/wp-content\/uploads\/2022\/03\/logo_Majar-1.png\" \/>\n\t<meta property=\"og:image:width\" content=\"700\" \/>\n\t<meta property=\"og:image:height\" content=\"267\" \/>\n\t<meta property=\"og:image:type\" content=\"image\/png\" \/>\n<meta name=\"twitter:card\" content=\"summary_large_image\" \/>\n<meta name=\"twitter:title\" content=\"Majar przyk\u0142adowe t\u0142umaczenia pisemne\" \/>\n<meta name=\"twitter:description\" content=\"Biuro t\u0142umacze\u0144 specjalistycznych Majar w Warszawie, T\u0142umaczenia we wszystkich j\u0119zykach, szybka wycena, wypo\u017cyczanie sprz\u0119tu do t\u0142umacze\u0144.\" \/>\n<meta name=\"twitter:image\" content=\"https:\/\/bts.info.pl\/wp-content\/uploads\/2022\/03\/logo_Majar-1.png\" \/>\n<meta name=\"twitter:label1\" content=\"Szacowany czas czytania\" \/>\n\t<meta name=\"twitter:data1\" content=\"4 minuty\" \/>\n<script type=\"application\/ld+json\" class=\"yoast-schema-graph\">{\"@context\":\"https:\/\/schema.org\",\"@graph\":[{\"@type\":\"WebSite\",\"@id\":\"https:\/\/bts.info.pl\/#website\",\"url\":\"https:\/\/bts.info.pl\/\",\"name\":\"Majar Biuro T\u0142umacze\u0144 Specjalistycznych\",\"description\":\"Kolejna witryna oparta na WordPressie\",\"potentialAction\":[{\"@type\":\"SearchAction\",\"target\":{\"@type\":\"EntryPoint\",\"urlTemplate\":\"https:\/\/bts.info.pl\/?s={search_term_string}\"},\"query-input\":\"required name=search_term_string\"}],\"inLanguage\":\"pl-PL\"},{\"@type\":\"ImageObject\",\"@id\":\"https:\/\/bts.info.pl\/?page_id=1344#primaryimage\",\"inLanguage\":\"pl-PL\",\"url\":\"https:\/\/bts.info.pl\/wp-content\/uploads\/2022\/03\/logo_Majar-1.png\",\"contentUrl\":\"https:\/\/bts.info.pl\/wp-content\/uploads\/2022\/03\/logo_Majar-1.png\",\"width\":700,\"height\":267,\"caption\":\"logo Biura T\u0142umacze\u0144 specjalistycznych Majar\"},{\"@type\":\"WebPage\",\"@id\":\"https:\/\/bts.info.pl\/?page_id=1344#webpage\",\"url\":\"https:\/\/bts.info.pl\/?page_id=1344\",\"name\":\"Przyk\u0142adowe t\u0142umaczenia pisemne - Majar Biuro T\u0142umacze\u0144 Specjalistycznych\",\"isPartOf\":{\"@id\":\"https:\/\/bts.info.pl\/#website\"},\"datePublished\":\"2022-03-16T13:29:46+00:00\",\"dateModified\":\"2022-03-18T11:32:23+00:00\",\"description\":\"Biuro t\u0142umacze\u0144 specjalistycznych Majar w Warszawie, T\u0142umaczenia we wszystkich j\u0119zykach, szybka wycena, wypo\u017cyczanie sprz\u0119tu do t\u0142umacze\u0144.\",\"breadcrumb\":{\"@id\":\"https:\/\/bts.info.pl\/?page_id=1344#breadcrumb\"},\"inLanguage\":\"pl-PL\",\"potentialAction\":[{\"@type\":\"ReadAction\",\"target\":[\"https:\/\/bts.info.pl\/?page_id=1344\"]}]},{\"@type\":\"BreadcrumbList\",\"@id\":\"https:\/\/bts.info.pl\/?page_id=1344#breadcrumb\",\"itemListElement\":[{\"@type\":\"ListItem\",\"position\":1,\"name\":\"Strona g\u0142\u00f3wna\",\"item\":\"https:\/\/bts.info.pl\/\"},{\"@type\":\"ListItem\",\"position\":2,\"name\":\"Przyk\u0142adowe t\u0142umaczenia pisemne\"}]}]}<\/script>\n<!-- \/ Yoast SEO plugin. -->","yoast_head_json":{"title":"Przyk\u0142adowe t\u0142umaczenia pisemne - Majar Biuro T\u0142umacze\u0144 Specjalistycznych","description":"Biuro t\u0142umacze\u0144 specjalistycznych Majar w Warszawie, T\u0142umaczenia we wszystkich j\u0119zykach, szybka wycena, wypo\u017cyczanie sprz\u0119tu do t\u0142umacze\u0144.","robots":{"index":"index","follow":"follow","max-snippet":"max-snippet:-1","max-image-preview":"max-image-preview:large","max-video-preview":"max-video-preview:-1"},"canonical":"https:\/\/bts.info.pl\/?page_id=1344","og_locale":"pl_PL","og_type":"article","og_title":"Majar przyk\u0142adowe t\u0142umaczenia pisemne","og_description":"Biuro t\u0142umacze\u0144 specjalistycznych Majar w Warszawie, T\u0142umaczenia we wszystkich j\u0119zykach, szybka wycena, wypo\u017cyczanie sprz\u0119tu do t\u0142umacze\u0144.","og_url":"https:\/\/bts.info.pl\/?page_id=1344","og_site_name":"Majar Biuro T\u0142umacze\u0144 Specjalistycznych","article_modified_time":"2022-03-18T11:32:23+00:00","og_image":[{"width":700,"height":267,"url":"https:\/\/bts.info.pl\/wp-content\/uploads\/2022\/03\/logo_Majar-1.png","type":"image\/png"}],"twitter_card":"summary_large_image","twitter_title":"Majar przyk\u0142adowe t\u0142umaczenia pisemne","twitter_description":"Biuro t\u0142umacze\u0144 specjalistycznych Majar w Warszawie, T\u0142umaczenia we wszystkich j\u0119zykach, szybka wycena, wypo\u017cyczanie sprz\u0119tu do t\u0142umacze\u0144.","twitter_image":"https:\/\/bts.info.pl\/wp-content\/uploads\/2022\/03\/logo_Majar-1.png","twitter_misc":{"Szacowany czas czytania":"4 minuty"},"schema":{"@context":"https:\/\/schema.org","@graph":[{"@type":"WebSite","@id":"https:\/\/bts.info.pl\/#website","url":"https:\/\/bts.info.pl\/","name":"Majar Biuro T\u0142umacze\u0144 Specjalistycznych","description":"Kolejna witryna oparta na WordPressie","potentialAction":[{"@type":"SearchAction","target":{"@type":"EntryPoint","urlTemplate":"https:\/\/bts.info.pl\/?s={search_term_string}"},"query-input":"required name=search_term_string"}],"inLanguage":"pl-PL"},{"@type":"ImageObject","@id":"https:\/\/bts.info.pl\/?page_id=1344#primaryimage","inLanguage":"pl-PL","url":"https:\/\/bts.info.pl\/wp-content\/uploads\/2022\/03\/logo_Majar-1.png","contentUrl":"https:\/\/bts.info.pl\/wp-content\/uploads\/2022\/03\/logo_Majar-1.png","width":700,"height":267,"caption":"logo Biura T\u0142umacze\u0144 specjalistycznych Majar"},{"@type":"WebPage","@id":"https:\/\/bts.info.pl\/?page_id=1344#webpage","url":"https:\/\/bts.info.pl\/?page_id=1344","name":"Przyk\u0142adowe t\u0142umaczenia pisemne - Majar Biuro T\u0142umacze\u0144 Specjalistycznych","isPartOf":{"@id":"https:\/\/bts.info.pl\/#website"},"datePublished":"2022-03-16T13:29:46+00:00","dateModified":"2022-03-18T11:32:23+00:00","description":"Biuro t\u0142umacze\u0144 specjalistycznych Majar w Warszawie, T\u0142umaczenia we wszystkich j\u0119zykach, szybka wycena, wypo\u017cyczanie sprz\u0119tu do t\u0142umacze\u0144.","breadcrumb":{"@id":"https:\/\/bts.info.pl\/?page_id=1344#breadcrumb"},"inLanguage":"pl-PL","potentialAction":[{"@type":"ReadAction","target":["https:\/\/bts.info.pl\/?page_id=1344"]}]},{"@type":"BreadcrumbList","@id":"https:\/\/bts.info.pl\/?page_id=1344#breadcrumb","itemListElement":[{"@type":"ListItem","position":1,"name":"Strona g\u0142\u00f3wna","item":"https:\/\/bts.info.pl\/"},{"@type":"ListItem","position":2,"name":"Przyk\u0142adowe t\u0142umaczenia pisemne"}]}]}},"_links":{"self":[{"href":"https:\/\/bts.info.pl\/index.php?rest_route=\/wp\/v2\/pages\/1344"}],"collection":[{"href":"https:\/\/bts.info.pl\/index.php?rest_route=\/wp\/v2\/pages"}],"about":[{"href":"https:\/\/bts.info.pl\/index.php?rest_route=\/wp\/v2\/types\/page"}],"author":[{"embeddable":true,"href":"https:\/\/bts.info.pl\/index.php?rest_route=\/wp\/v2\/users\/1"}],"replies":[{"embeddable":true,"href":"https:\/\/bts.info.pl\/index.php?rest_route=%2Fwp%2Fv2%2Fcomments&post=1344"}],"version-history":[{"count":33,"href":"https:\/\/bts.info.pl\/index.php?rest_route=\/wp\/v2\/pages\/1344\/revisions"}],"predecessor-version":[{"id":1629,"href":"https:\/\/bts.info.pl\/index.php?rest_route=\/wp\/v2\/pages\/1344\/revisions\/1629"}],"wp:attachment":[{"href":"https:\/\/bts.info.pl\/index.php?rest_route=%2Fwp%2Fv2%2Fmedia&parent=1344"}],"curies":[{"name":"wp","href":"https:\/\/api.w.org\/{rel}","templated":true}]}}